81
What are the prime factors of 1530325023?
3, 17, 3181, 9433
List the prime factors of 245184686.
2, 6907, 17749
List the prime factors of 1161351641.
22397, 51853
List the prime factors of 2615226.
2, 3, 41, 10631
List the prime factors of 77114778.
2, 3, 13, 988651
What are the prime factors of 40490200?
2, 5, 443, 457
What are the prime factors of 78594856?
2, 9824357
What are the prime factors of 933473914?
2, 19, 2029, 12107
What are the prime factors of 60244082?
2, 103, 109, 2683
What are the prime factors of 1439381036?
2, 18413, 19543
List the prime factors of 44211250.
2, 5, 113, 313
What are the prime factors of 18709072?
2, 19, 61543
What are the prime factors of 94446513?
3, 7, 499717
What are the prime factors of 999945545?
5, 193, 1036213
What are the prime factors of 436670298?
2, 3, 2801, 2887
What are the prime factors of 241057683?
3, 26784187
What are the prime factors of 324778575?
3, 5, 11, 393671
What are the prime factors of 426434178?
2, 3, 71072363
List the prime factors of 14603916.
2, 3, 59, 20627
What are the prime factors of 166171553?
59, 263, 10709
What are the prime factors of 178432803?
3, 19825867
List the prime factors of 4447244658.
2, 3, 741207443
List the prime factors of 84193624.
2, 137, 76819
What are the prime factors of 84757657?
84757657
List the prime factors of 404574594.
2, 3, 67429099
What are the prime factors of 65814154?
2, 7, 197, 487
List the prime factors of 89891822.
2, 29, 71, 83, 263
What are the prime factors of 251553478?
2, 11, 11434249
What are the prime factors of 49597713?
3, 11, 157, 3191
What are the prime factors of 87758641?
17, 1361, 3793
What are the prime factors of 837223452?
2, 3, 13, 59, 1123
List the prime factors of 329432052.
2, 3, 17, 1614863
What are the prime factors of 6692277?
3, 2230759
List the prime factors of 716709166.
2, 37, 9685259
What are the prime factors of 1948475868?
2, 3, 139, 1168151
List the prime factors of 264794527.
264794527
What are the prime factors of 6520189660?
2, 5, 326009483
What are the prime factors of 523213398?
2, 3, 9689137
List the prime factors of 71488501.
7, 353, 4133
List the prime factors of 251293255.
5, 47, 739, 1447
What are the prime factors of 1293375802?
2, 61, 10601441
List the prime factors of 105399263.
105399263
List the prime factors of 380799568.
2, 23799973
List the prime factors of 1677664180.
2, 5, 1907, 43987
List the prime factors of 49170272.
2, 47, 32693
What are the prime factors of 45468066?
2, 3, 7, 1082573
What are the prime factors of 306535430?
2, 5, 30653543
What are the prime factors of 5827143671?
53, 199, 552493
What are the prime factors of 168160784?
2, 11, 379, 2521
What are the prime factors of 538581974?
2, 7, 38470141
List the prime factors of 63329024.
2, 11, 43, 523
What are the prime factors of 109714653?
3, 12190517
List the prime factors of 41763096.
2, 3, 101, 5743
What are the prime factors of 38611820?
2, 5, 13, 97, 1531
What are the prime factors of 10526304?
2, 3, 19, 29, 199
List the prime factors of 115798650.
2, 3, 5, 11, 70181
List the prime factors of 1877590555.
5, 1933, 194267
List the prime factors of 2478370483.
17, 145786499
List the prime factors of 161894647.
37, 127, 131, 263
List the prime factors of 5480241599.
7, 211, 3710387
What are the prime factors of 364299431?
364299431
List the prime factors of 121109781.
3, 13, 19, 137, 1193
List the prime factors of 239166540.
2, 3, 5, 17, 26053
List the prime factors of 217696800.
2, 3, 5, 61, 1487
List the prime factors of 1153901100.
2, 3, 5, 11, 349667
What are the prime factors of 26077630?
2, 5, 23, 113381
What are the prime factors of 91328113?
127, 719119
What are the prime factors of 34999497?
3, 13, 389, 769
List the prime factors of 603972064.
2, 79, 173, 1381
What are the prime factors of 1268081893?
13, 2447, 39863
List the prime factors of 1325443536.
2, 3, 89, 103421
What are the prime factors of 2614753778?
2, 7, 13, 71, 137, 211
What are the prime factors of 34074192?
2, 3, 709879
List the prime factors of 539472930.
2, 3, 5, 857, 20983
What are the prime factors of 151881529?
79, 1922551
List the prime factors of 3900941492.
2, 7, 139319339
List the prime factors of 169821176.
2, 7, 367, 8263
What are the prime factors of 143781615?
3, 5, 733, 1453
What are the prime factors of 376320172?
2, 59, 593, 2689
What are the prime factors of 392591119?
392591119
What are the prime factors of 613667865?
3, 5, 40911191
What are the prime factors of 388403527?
947, 410141
What are the prime factors of 38656935?
3, 5, 193, 4451
What are the prime factors of 67558340?
2, 5, 17, 198701
What are the prime factors of 29816600?
2, 5, 11, 13553
List the prime factors of 807093163.
807093163
List the prime factors of 70870353.
3, 23623451
What are the prime factors of 418099969?
7, 103, 631, 919
What are the prime factors of 260572003?
260572003
What are the prime factors of 12088343?
17, 79, 9001
What are the prime factors of 1215968287?
1215968287
What are the prime factors of 17657316?
2, 3, 490481
List the prime factors of 1332381207.
3, 444127069
What are the prime factors of 418993332?
2, 3, 2677, 13043
What are the prime factors of 191337715?
5, 283, 135221
List the prime factors of 430937617.
11, 39176147
What are the prime factors of 23604598?
2, 1049, 11251
List the prime factors of 81746864.
2, 5109179
List the prime factors of 39032553.
3, 7, 1858693
What are the prime factors of 21736219?
23, 167, 5659
What are the prime factors of 1480800814?
2, 53, 503, 27773
List the prime factors of 46388117.
2357, 19681
What are the prime factors of 945271137?
3, 315090379
List the prime factors of 2022660749.
41, 103, 478963
What are the prime factors of 2380994637?
3, 7, 113, 1003369
List the prime factors of 2871918956.
2, 113, 719, 8837
List the prime factors of 1006564458.
2, 3, 17, 580487
What are the prime factors of 67401607?
7, 13, 19, 5569
List the prime factors of 130119628.
2, 67, 127, 3823
What are the prime factors of 3107416?
2, 13, 29879
List the prime factors of 65596264.
2, 37, 167, 1327
What are the prime factors of 118963006?
2, 59481503
What are the prime factors of 10756819?
839, 12821
What are the prime factors of 2532664155?
3, 5, 7, 971, 24841
List the prime factors of 1531296636.
2, 3, 127608053
What are the prime factors of 5834044215?
3, 5, 1109, 116903
What are the prime factors of 140236993?
13, 37, 53, 5501
What are the prime factors of 154415022?
2, 3, 47, 521, 1051
List the prime factors of 302160555.
3, 5, 6714679
List the prime factors of 478899297.
3, 719, 2741
List the prime factors of 285808119.
3, 61, 151, 10343
List the prime factors of 16184864.
2, 505777
What are the prime factors of 310204812?
2, 3, 1697, 15233
List the prime factors of 407594101.
29, 79, 89, 1999
What are the prime factors of 719728830?
2, 3, 5, 17, 470411
What are the prime factors of 452821452?
2, 3, 17, 19, 116827
List the prime factors of 17410095.
3, 5, 386891
List the prime factors of 96516755.
5, 233, 82847
What are the prime factors of 1240444090?
2, 5, 124044409
List the prime factors of 420047801.
19, 127, 174077
What are the prime factors of 251682551?
251682551
What are the prime factors of 543401300?
2, 5, 13, 167, 2503
What are the prime factors of 73062163?
19, 1949, 1973
List the prime factors of 5248524250.
2, 5, 20994097
What are the prime factors of 48309182?
2, 53, 8599
What are the prime factors of 138545070?
2, 3, 5, 17, 271657
What are the prime factors of 275090204?
2, 68772551
What are the prime factors of 117607391?
11, 211, 50671
What are the prime factors of 145982210?
2, 5, 11, 1327111
What are the prime factors of 103048284?
2, 3, 8587357
What are the prime factors of 182413063?
7, 47, 554447
What are the prime factors of 227676126?
2, 3, 19, 23, 71, 1223
List the prime factors of 33287149.
7, 31, 211, 727
What are the prime factors of 31789584?
2, 3, 19, 1291
What are the prime factors of 85681849?
11, 19, 409961
What are the prime factors of 60544894?
2, 30272447
What are the prime factors of 348399328?
2, 31, 157, 2237
List the prime factors of 156029334.
2, 3, 271, 95959
What are the prime factors of 26389289?
139, 189851
List the prime factors of 232177614.
2, 3, 38696269